{"id":1100,"date":"2025-03-06T11:27:25","date_gmt":"2025-03-06T11:27:25","guid":{"rendered":"https:\/\/limpieza.areaintercaravan.es\/?page_id=1100"},"modified":"2025-03-06T12:24:38","modified_gmt":"2025-03-06T12:24:38","slug":"caravanas-madrid-2-2","status":"publish","type":"page","link":"https:\/\/limpieza.areaintercaravan.es\/index.php\/caravanas-madrid-2-2\/","title":{"rendered":"Caravanas Madrid 2"},"content":{"rendered":"\n<h2 class=\"wp-block-heading\">Villaviciosa de Od\u00f3n<\/h2>\n\n\n\n<div class=\"wp-block-buttons is-content-justification-right is-layout-flex wp-container-core-buttons-is-layout-765c4724 wp-block-buttons-is-layout-flex\">\n<div class=\"wp-block-button\"><a class=\"wp-block-button__link has-contrast-color has-text-color has-background has-link-color wp-element-button\" href=\"https:\/\/limpieza.areaintercaravan.es\/index.php\/acceso-de-miembro-villa\/\" style=\"border-radius:12px;background-color:#ff6262\">\u00c1rea de clientes<\/a><\/div>\n<\/div>\n\n\n\n<div class=\"wp-block-columns is-layout-flex wp-container-core-columns-is-layout-9d6595d7 wp-block-columns-is-layout-flex\">\n<div class=\"wp-block-column is-layout-flow wp-block-column-is-layout-flow\" style=\"flex-basis:100%\">\n<div class=\"wp-block-ive-accordion alignnone\"><div class=\"ive-accordion-wrap ive-accordion-wrap ive-accordion-_4ca0ba-1f ive-accordion-has-4-panes ive-active-pane-0 ive-accordion-block ive-pane-header-alignment-left ive-accodion-icon-style-basic ive-accodion-icon-side-right\"><div class=\"ive-accordion-inner-wrap ive-start-active-pane-1 ive-accordion-_4ca0ba-1f ive-accodion-icon-style-basic ive-accodion-icon-side-right\" data-allow-multiple-open=\"false\" data-start-open=\"0\">\n<div class=\"wp-block-ive-pane ive-accordion-pane ive-accordion-pane-3 ive-pane_1d485a-3b\"><div class=\"ive-accordion-header-wrap\"><button class=\"ive-blocks-accordion-header ive-acccordion-button-label-show d-flex justify-content-start justify-content-md-start ive-accordions-xl-center\"><span class=\"ive-blocks-accordion-title-wrap\"><span class=\"ive-blocks-accordion-title\"><strong>Parking<\/strong><\/span><\/span><span class=\"ive-blocks-accordion-icon-trigger\"><\/span><\/button><\/div><div class=\"ive-accordion-panel\"><div class=\"ive-accordion-panel-inner\">\n<div class=\"wp-block-columns is-layout-flex wp-container-core-columns-is-layout-9d6595d7 wp-block-columns-is-layout-flex\">\n<div class=\"wp-block-column is-layout-flow wp-block-column-is-layout-flow\" style=\"flex-basis:350px\"><\/div>\n\n\n\n<div class=\"wp-block-column is-layout-flow wp-block-column-is-layout-flow\">\n<ul class=\"wp-block-list\">\n<li>Plazas grandes <\/li>\n\n\n\n<li>Seguro de robo y da\u00f1os<\/li>\n\n\n\n<li>acceso 24\/7<\/li>\n\n\n\n<li>Plazas descubiertas<\/li>\n\n\n\n<li>Suelo compacto<\/li>\n\n\n\n<li>puerta de acceso con mando a distancia<\/li>\n\n\n\n<li>C\u00e1maras de vigilancia <\/li>\n\n\n\n<li>Vigilado presencialmente 24 horas<\/li>\n<\/ul>\n<\/div>\n\n\n\n<div class=\"wp-block-column is-layout-flow wp-block-column-is-layout-flow\" style=\"flex-basis:10px\"><\/div>\n<\/div>\n<\/div><\/div><\/div>\n<\/div><\/div><\/div>\n<\/div>\n<\/div>\n\n\n\n<div class=\"wp-block-columns is-layout-flex wp-container-core-columns-is-layout-9d6595d7 wp-block-columns-is-layout-flex\">\n<div class=\"wp-block-column is-layout-flow wp-block-column-is-layout-flow\" style=\"flex-basis:100%\">\n<div class=\"wp-block-ive-accordion alignnone\"><div class=\"ive-accordion-wrap ive-accordion-wrap ive-accordion-_cfa2f7-6c ive-accordion-has-4-panes ive-active-pane-0 ive-accordion-block ive-pane-header-alignment-left ive-accodion-icon-style-basic ive-accodion-icon-side-right\"><div class=\"ive-accordion-inner-wrap ive-start-active-pane-1 ive-accordion-_cfa2f7-6c ive-accodion-icon-style-basic ive-accodion-icon-side-right\" data-allow-multiple-open=\"false\" data-start-open=\"0\">\n<div class=\"wp-block-ive-pane ive-accordion-pane ive-accordion-pane-4 ive-pane_f98e6c-ac\"><div class=\"ive-accordion-header-wrap\"><button class=\"ive-blocks-accordion-header ive-acccordion-button-label-show d-flex justify-content-start justify-content-md-start ive-accordions-xl-center\"><span class=\"ive-blocks-accordion-title-wrap\"><span class=\"ive-blocks-accordion-title\"><strong>Servicios<\/strong><\/span><\/span><span class=\"ive-blocks-accordion-icon-trigger\"><\/span><\/button><\/div><div class=\"ive-accordion-panel\"><div class=\"ive-accordion-panel-inner\">\n<div class=\"wp-block-columns is-layout-flex wp-container-core-columns-is-layout-9d6595d7 wp-block-columns-is-layout-flex\">\n<div class=\"wp-block-column is-layout-flow wp-block-column-is-layout-flow\" style=\"flex-basis:350px\"><\/div>\n\n\n\n<div class=\"wp-block-column is-layout-flow wp-block-column-is-layout-flow\">\n<ul class=\"wp-block-list\">\n<li>Llenado de agua<\/li>\n\n\n\n<li>Vaciado de aguas grises<\/li>\n\n\n\n<li>Vaciado de aguas negras<\/li>\n\n\n\n<li>Seguros de caravanas y autocaravanas<\/li>\n\n\n\n<li>Revisiones de gas ( Pr\u00f3ximamente )<\/li>\n<\/ul>\n<\/div>\n\n\n\n<div class=\"wp-block-column is-layout-flow wp-block-column-is-layout-flow\" style=\"flex-basis:10px\"><\/div>\n<\/div>\n<\/div><\/div><\/div>\n<\/div><\/div><\/div>\n<\/div>\n<\/div>\n\n\n\n<div class=\"wp-block-ive-google-map aligncenter ive_google_map_877583-2a\"><div id=\"overlay\" style=\"cursor:pointer\"><\/div><div class=\"ive-google-map__wrap\" id=\"ive-google-map-b4877583-2ad4-4069-a82a-73c0d5e790ee\"><iframe class=\"ive-google-map__iframe\" src=\"https:\/\/maps.google.com\/maps?q=Tr.%C2%AA%20de%20la%20Zarzuela%2C%2028670%20Villaviciosa%20de%20Od%C3%B3n%2C%20Madrid&amp;t=&amp;z=16&amp;ie=UTF8&amp;iwloc=&amp;output=embed\" style=\"height:300px;width:100%;opacity:1\"><\/iframe><\/div><\/div>\n\n\n\n<h4 class=\"wp-block-heading alignwide has-text-align-center\">CONTACTO<\/h4>\n\n\n\n<div class=\"wp-block-columns is-layout-flex wp-container-core-columns-is-layout-9d6595d7 wp-block-columns-is-layout-flex\">\n<div class=\"wp-block-column is-layout-flow wp-block-column-is-layout-flow\" style=\"flex-basis:25%\"><\/div>\n\n\n\n<div class=\"wp-block-column is-layout-flow wp-block-column-is-layout-flow\" style=\"flex-basis:25%\">\n<h5 class=\"wp-block-heading has-text-align-right\"><strong>Carlos<\/strong><\/h5>\n\n\n\n<div class=\"wp-block-jetpack-contact-info has-contrast-color has-text-color has-background has-link-color wp-elements-7fa856785f988a5e560ac1d9903fbbb8\" style=\"background-color:#ff6262\">\n<div class=\"wp-block-jetpack-email p.deracha {  text-align: right;\"><a href=\"mailto:carlos@areaintercaravan.es\">carlos@areaintercaravan.es<\/a><\/div>\n\n\n\n<div class=\"wp-block-jetpack-phone\"><a href=\"tel:605093772\">605093772<\/a><\/div>\n<\/div>\n<\/div>\n\n\n\n<div class=\"wp-block-column is-layout-flow wp-block-column-is-layout-flow\" style=\"flex-basis:25%\">\n<h5 class=\"wp-block-heading\"><strong>Ana<\/strong><\/h5>\n\n\n\n<div class=\"wp-block-jetpack-contact-info has-contrast-color has-text-color has-background has-link-color wp-elements-fbb44c309f25375b5f30c257935aa259\" style=\"background-color:#ff6262\">\n<div class=\"wp-block-jetpack-email p.deracha {  text-align: right;\"><a href=\"mailto:a@a.es\">a@a.es<\/a><\/div>\n\n\n\n<div class=\"wp-block-jetpack-phone p.deracha {  text-align: right;\"><a href=\"tel:605093772\">605093772<\/a><\/div>\n<\/div>\n<\/div>\n\n\n\n<div class=\"wp-block-column is-layout-flow wp-block-column-is-layout-flow\" style=\"flex-basis:25%\"><\/div>\n<\/div>\n\n\n\n<div style=\"height:20px\" aria-hidden=\"true\" class=\"wp-block-spacer\"><\/div>\n\n\n\n<div class=\"wp-block-jetpack-send-a-message\">\n<div class=\"wp-block-jetpack-whatsapp-button aligncenter is-color-dark\"><a class=\"whatsapp-block__button\" href=\"https:\/\/api.whatsapp.com\/send?phone=&amp;text=Hola%2C%20quiero%20informaci%C3%B3n%20sobre%20el%20parking%20de%20Pilar%20de%20la%20horadada%20(Alicante)\" style=\"background-color:#25D366;color:#fff\" target=\"_self\" rel=\"noopener noreferrer\">Informaci\u00f3n por WhatsApp<\/a><\/div>\n<\/div>\n\n\n\n<div style=\"height:20px\" aria-hidden=\"true\" class=\"wp-block-spacer\"><\/div>\n\n\n\n<p class=\"has-text-align-center\">D\u00e9janos tu tel\u00e9fono y te llamaremos lo antes posible<\/p>\n\n\n\n<div class=\"wp-block-columns is-layout-flex wp-container-core-columns-is-layout-9d6595d7 wp-block-columns-is-layout-flex\">\n<div class=\"wp-block-column is-layout-flow wp-block-column-is-layout-flow\" style=\"flex-basis:33%\"><\/div>\n\n\n\n<div class=\"wp-block-column is-layout-flow wp-block-column-is-layout-flow\" style=\"flex-basis:30%\"><div class=\"wp-block-jetpack-contact-form is-layout-flex wp-container-jetpack-contact-form-is-layout-faa3ad1c wp-block-jetpack-contact-form-is-layout-flex\"><a href=\"https:\/\/limpieza.areaintercaravan.es\/index.php\/caravanas-madrid-2-2\/\" target=\"_blank\" rel=\"noopener noreferrer\">Submit a form.<\/a><\/div><\/div>\n\n\n\n<div class=\"wp-block-column is-layout-flow wp-block-column-is-layout-flow\" style=\"flex-basis:20%\"><\/div>\n<\/div>\n\n\n\n<div style=\"height:40px\" aria-hidden=\"true\" class=\"wp-block-spacer\"><\/div>\n\n\n\n<h4 class=\"wp-block-heading alignwide has-text-align-center\">COMPARTIR<\/h4>\n\n\n\n<div class=\"wp-block-columns is-layout-flex wp-container-core-columns-is-layout-9d6595d7 wp-block-columns-is-layout-flex\">\n<div class=\"wp-block-column has-base-2-color has-text-color has-link-color wp-elements-14fa2ef2a6fbf41d6c259e49f356290c is-layout-flow wp-block-column-is-layout-flow\" style=\"flex-basis:100%\"><\/div>\n<\/div>\n\n\n\n<div style=\"height:100px\" aria-hidden=\"true\" class=\"wp-block-spacer\"><\/div>\n\n\n\n<p class=\"<style&gt; text-align:center<\/style&gt;\"><\/p>\n\n\n\n<p class=\"p.my-justify-class {  text-align: center   }\"><\/p>\n\n\n\n<p><\/p>\n","protected":false},"excerpt":{"rendered":"<p>Villaviciosa de Od\u00f3n CONTACTO Carlos Ana D\u00e9janos tu tel\u00e9fono y te llamaremos lo antes posible COMPARTIR<\/p>\n","protected":false},"author":1,"featured_media":0,"parent":0,"menu_order":0,"comment_status":"closed","ping_status":"closed","template":"","meta":{"_regular_price":[],"currency_symbol":[],"footnotes":""},"class_list":["post-1100","page","type-page","status-publish"],"post_slider_layout_featured_media_urls":{"thumbnail":"","post_slider_layout_landscape_large":"","post_slider_layout_portrait_large":"","post_slider_layout_square_large":"","post_slider_layout_landscape":"","post_slider_layout_portrait":"","post_slider_layout_square":"","full":""},"jetpack_sharing_enabled":true,"_links":{"self":[{"href":"https:\/\/limpieza.areaintercaravan.es\/index.php\/wp-json\/wp\/v2\/pages\/1100","targetHints":{"allow":["GET"]}}],"collection":[{"href":"https:\/\/limpieza.areaintercaravan.es\/index.php\/wp-json\/wp\/v2\/pages"}],"about":[{"href":"https:\/\/limpieza.areaintercaravan.es\/index.php\/wp-json\/wp\/v2\/types\/page"}],"author":[{"embeddable":true,"href":"https:\/\/limpieza.areaintercaravan.es\/index.php\/wp-json\/wp\/v2\/users\/1"}],"replies":[{"embeddable":true,"href":"https:\/\/limpieza.areaintercaravan.es\/index.php\/wp-json\/wp\/v2\/comments?post=1100"}],"version-history":[{"count":6,"href":"https:\/\/limpieza.areaintercaravan.es\/index.php\/wp-json\/wp\/v2\/pages\/1100\/revisions"}],"predecessor-version":[{"id":1123,"href":"https:\/\/limpieza.areaintercaravan.es\/index.php\/wp-json\/wp\/v2\/pages\/1100\/revisions\/1123"}],"wp:attachment":[{"href":"https:\/\/limpieza.areaintercaravan.es\/index.php\/wp-json\/wp\/v2\/media?parent=1100"}],"curies":[{"name":"wp","href":"https:\/\/api.w.org\/{rel}","templated":true}]}}