{"id":540,"date":"2024-03-16T01:20:36","date_gmt":"2024-03-16T01:20:36","guid":{"rendered":"https:\/\/limpieza.areaintercaravan.es\/index.php\/terminos-y-condiciones\/"},"modified":"2024-03-16T01:20:36","modified_gmt":"2024-03-16T01:20:36","slug":"terminos-y-condiciones","status":"publish","type":"page","link":"https:\/\/limpieza.areaintercaravan.es\/index.php\/terminos-y-condiciones\/","title":{"rendered":"T\u00e9rminos y condiciones"},"content":{"rendered":"<p>INTRODUCE LOS T\u00c9RMINOS Y CONDICIONES DEL SITIO WEB AQU\u00cd.<\/p>\n","protected":false},"excerpt":{"rendered":"<p>INTRODUCE LOS T\u00c9RMINOS Y CONDICIONES DEL SITIO WEB AQU\u00cd.<\/p>\n","protected":false},"author":1,"featured_media":0,"parent":0,"menu_order":0,"comment_status":"closed","ping_status":"closed","template":"","meta":{"_regular_price":[],"currency_symbol":[],"footnotes":""},"class_list":["post-540","page","type-page","status-publish"],"post_slider_layout_featured_media_urls":{"thumbnail":"","post_slider_layout_landscape_large":"","post_slider_layout_portrait_large":"","post_slider_layout_square_large":"","post_slider_layout_landscape":"","post_slider_layout_portrait":"","post_slider_layout_square":"","full":""},"jetpack_sharing_enabled":true,"_links":{"self":[{"href":"https:\/\/limpieza.areaintercaravan.es\/index.php\/wp-json\/wp\/v2\/pages\/540","targetHints":{"allow":["GET"]}}],"collection":[{"href":"https:\/\/limpieza.areaintercaravan.es\/index.php\/wp-json\/wp\/v2\/pages"}],"about":[{"href":"https:\/\/limpieza.areaintercaravan.es\/index.php\/wp-json\/wp\/v2\/types\/page"}],"author":[{"embeddable":true,"href":"https:\/\/limpieza.areaintercaravan.es\/index.php\/wp-json\/wp\/v2\/users\/1"}],"replies":[{"embeddable":true,"href":"https:\/\/limpieza.areaintercaravan.es\/index.php\/wp-json\/wp\/v2\/comments?post=540"}],"version-history":[{"count":0,"href":"https:\/\/limpieza.areaintercaravan.es\/index.php\/wp-json\/wp\/v2\/pages\/540\/revisions"}],"wp:attachment":[{"href":"https:\/\/limpieza.areaintercaravan.es\/index.php\/wp-json\/wp\/v2\/media?parent=540"}],"curies":[{"name":"wp","href":"https:\/\/api.w.org\/{rel}","templated":true}]}}